usands digit of 664477828?
4
What is the hundred thousands digit of 271915447?
9
What is the millions digit of 307327818?
7
What is the hundred thousands digit of 574403164?
4
What is the hundreds digit of 253172116?
1
What is the hundreds digit of 618265047?
0
What is the thousands digit of 2895902463?
2
What is the units digit of 879187186?
6
What is the units digit of 673264239?
9
What is the units digit of 1198408100?
0
What is the hundred thousands digit of 49789531?
7
What is the ten millions digit of 70250190?
7
What is the ten thousands digit of 30800257?
0
What is the units digit of 16667080?
0
What is the tens digit of 50447338?
3
What is the hundreds digit of 15634256?
2
What is the ten thousands digit of 156523519?
2
What is the hundreds digit of 305437051?
0
What is the hundred thousands digit of 479250970?
2
What is the thousands digit of 2570212167?
2
What is the hundred thousands digit of 39198699?
1
What is the thousands digit of 927704606?
4
What is the hundreds digit of 975369648?
6
What is the hundred thousands digit of 578777177?
7
What is the ten thousands digit of 1030066747?
6
What is the tens digit of 2231085?
8
What is the ten thousands digit of 1522499805?
9
What is the units digit of 51531175?
5
What is the thousands digit of 10496624?
6
What is the units digit of 2574076965?
5
What is the hundreds digit of 452448?
4
What is the millions digit of 109554680?
9
What is the millions digit of 127073080?
7
What is the ten thousands digit of 946806115?
0
What is the hundreds digit of 4435454742?
7
What is the ten thousands digit of 7441735?
4
What is the ten thousands digit of 49275155?
7
What is the tens digit of 571696107?
0
What is the hundreds digit of 212957155?
1
What is the hundred thousands digit of 101954210?
9
What is the ten thousands digit of 213200418?
0
What is the billions digit of 4001048413?
4
What is the hundred thousands digit of 714480384?
4
What is the ten thousands digit of 256901824?
0
What is the units digit of 1647621203?
3
What is the ten millions digit of 890002834?
9
What is the thousands digit of 52372692?
2
What is the units digit of 41147319?
9
What is the ten millions digit of 851315881?
5
What is the billions digit of 2667665884?
2
What is the thousands digit of 1241143532?
3
What is the ten millions digit of 117434093?
1
What is the hundred thousands digit of 152242292?
2
What is the hundred thousands digit of 471184085?
1
What is the units digit of 878028031?
1
What is the hundred millions digit of 7432037094?
4
What is the units digit of 336795254?
4
What is the ten millions digit of 7057379125?
5
What is the hundred thousands digit of 37568404?
5
What is the hundreds digit of 271716789?
7
What is the hundreds digit of 101966540?
5
What is the hundred millions digit of 269647722?
2
What is the thousands digit of 99446399?
6
What is the thousands digit of 92039828?
9
What is the millions digit of 3459708287?
9
What is the tens digit of 3608448053?
5
What is the millions digit of 60432837?
0
What is the ten millions digit of 9245966556?
4
What is the units digit of 89544363?
3
What is the millions digit of 852138768?
2
What is the ten thousands digit of 2991876?
9
What is the ten millions digit of 193415421?
9
What is the ten millions digit of 39051447?
3
What is the ten millions digit of 45338803?
4
What is the thousands digit of 3239361612?
1
What is the ten millions digit of 880400582?
8
What is the ten millions digit of 713320662?
1
What is the units digit of 58264560?
0
What is the ten millions digit of 43978305?
4
What is the hundred millions digit of 940249186?
9
What is the ten millions digit of 26595287?
2
What is the tens digit of 47082174?
7
What is the millions digit of 1209520554?
9
What is the thousands digit of 781293513?
3
What is the ten thousands digit of 84215551?
1
What is the ten millions digit of 1634844505?
3
What is the thousands digit of 261333409?
3
What is the hundreds digit of 8221383442?
4
What is the hundred thousands digit of 786405436?
4
What is the ten thousands digit of 42148685?
4
What is the thousands digit of 1612612812?
2
What is the millions digit of 56860732?
6
What is the thousands digit of 406293350?
3
What is the ten millions digit of 76214561?
7
What is the ten millions digit of 50450951?
5
What is the hundred thousands digit of 2874633?
8
What is the ten thousands digit of 133257237?
5
What is the units digit of 724744581?
1
What is the ten thousands digit of 17506517?
0
What is the thousands digit of 915723747?
3
What is the ten thousands digit of 649189830?
8
What is the units digit of 6863763?
3
What is the hundreds digit of 69132436?
4
What is the tens digit of 250812695?
9
What is the millions digit of 260666637?
0
What is the hundreds digit of 4211216449?
4
What is the tens digit of 150139711?
1
What is the hundreds digit of 2200579581?
5
What is the thousands digit of 591316379?
6
What is the tens digit of 5227107?
0
What is the hundred millions digit of 4275600646?
2
What is the millions digit of 563306683?
3
What is the units digit of 21786143?
3
What is the hundred millions digit of 359015041?
3
What is the hundreds digit of 481991279?
2
What is the millions digit of 807250563?
7
What is the hundred millions digit of 375365496?
3
What is the millions digit of 2153330952?
3
What is the hundred thousands digit of 92170332?
1
What is the hundreds digit of 3300210824?
8
What is the ten millions digit of 2615248852?
1
What is the thousands digit of 3764678238?
8
What is the tens digit of 762679838?
3
What is the units digit of 35268190?
0
What is the tens digit of 101408119?
1
What is the tens digit of 141388145?
4
What is the ten thousands digit of 2918538436?
3
What is the millions digit of 151114149?
1
What is the millions digit of 38417127?
8
What is the millions digit of 2167377701?
7
What is the thousands digit of 4557675849?
5
What is the ten millions digit of 2135392494?
3
What is the ten millions digit of 3904257758?
0
What is the units digit of 52248728?
8
What is the ten millions digit of 746112865?
4
What is the hundreds digit of 131922658?
6
What is the hundred thousands digit of 52133593?
1
What is the hundreds digit of 172474283?
2
What is the billions digit of 3754949206?
3
What is the hundred thousands digit of 291929105?
9
What is the ten thousands digit of 118132163?
3
What is the ten millions digit of 271953527?
7
What is the billions digit of 2521713406?
2
What is the ten thousands digit of 587335542?
3
What is the tens digit of 49553332?
3
What is the ten thousands digit of 799456924?
5
What is the millions digit of 252489837?
2
What is the thousands digit of 24138234?
8
What is the thousands digit of 216021833?
1
What is the hundred millions digit of 449899640?
4
What is the millions digit of 761534606?
1
What is the hundred thousands digit of 205680009?
6
What is the hundred millions digit of 873279516?
8
What is the hundred thousands digit of 48017067?
0
What is the tens digit of 211028489?
8
What is the hundreds digit of 2370692337?
3
What is the tens digit of 62085050?
5
What is the units digit of 1837569?
9
What is the units digit of 7414869?
9
What is the hundred millions digit of 345081272?
3
What is the hundred millions digit of 194042405?
1
What is the tens digit of 2130343596?
9
What is the units digit of 116681220?
0
What is the ten thousands digit of 105154409?
5
What is the ten millions digit of 265909872?
6
What is the units digit of 20184315?
5
What is the ten millions digit of 25934327?
2
What is the billions digit of 2182306022?
2
What is the hundred millions digit of 8316097766?
3
What is the hundreds digit of 3988155477?
4
What is the units digit of 36794618?
8
What is the millions digit of 69482471?
9
What is the units digit of 184846816?
6
What is the ten thousands digit of 106147083?
4
What is the units digit of 32740510?
0
What is the billions digit of 3451973814?
3
What is the hundreds digit of 1238953112?
1
What is the tens digit of 3689099445?
4
What is the ten thousands digit of 280339341?
3
What is the millions digit of 93634235?
3
What is the tens digit of 1501483162?
6
What is the hundred thousands digit of 23919870?
9
What is the thousands digit of 9367868?
7
What is the units digi